d by 83.
46
What is the remainder when 191 is divided by 25?
16
What is the remainder when 289 is divided by 49?
44
What is the remainder when 354 is divided by 20?
14
What is the remainder when 17578 is divided by 15?
13
What is the remainder when 7 is divided by 2?
1
Calculate the remainder when 261 is divided by 33.
30
Calculate the remainder when 1149 is divided by 24.
21
What is the remainder when 120 is divided by 111?
9
Calculate the remainder when 746 is divided by 94.
88
Calculate the remainder when 7054 is divided by 2346.
16
Calculate the remainder when 86 is divided by 32.
22
Calculate the remainder when 71 is divided by 40.
31
Calculate the remainder when 57 is divided by 22.
13
What is the remainder when 5229 is divided by 109?
106
Calculate the remainder when 340 is divided by 18.
16
What is the remainder when 39 is divided by 11?
6
Calculate the remainder when 170 is divided by 102.
68
Calculate the remainder when 1087 is divided by 269.
11
Calculate the remainder when 479 is divided by 8.
7
What is the remainder when 101 is divided by 23?
9
What is the remainder when 466 is divided by 125?
91
Calculate the remainder when 13330 is divided by 101.
99
Calculate the remainder when 109 is divided by 30.
19
What is the remainder when 528 is divided by 90?
78
What is the remainder when 278 is divided by 93?
92
What is the remainder when 78 is divided by 20?
18
Calculate the remainder when 299 is divided by 5.
4
Calculate the remainder when 1257 is divided by 36.
33
Calculate the remainder when 696 is divided by 165.
36
What is the remainder when 1202 is divided by 55?
47
What is the remainder when 1221 is divided by 19?
5
Calculate the remainder when 55 is divided by 35.
20
What is the remainder when 109 is divided by 35?
4
What is the remainder when 5134 is divided by 107?
105
Calculate the remainder when 3794 is divided by 18.
14
What is the remainder when 44 is divided by 13?
5
Calculate the remainder when 575 is divided by 36.
35
What is the remainder when 330 is divided by 103?
21
What is the remainder when 1846 is divided by 236?
194
What is the remainder when 177 is divided by 22?
1
What is the remainder when 264 is divided by 89?
86
What is the remainder when 39 is divided by 7?
4
Calculate the remainder when 715 is divided by 48.
43
Calculate the remainder when 93 is divided by 37.
19
Calculate the remainder when 595 is divided by 191.
22
What is the remainder when 403 is divided by 16?
3
Calculate the remainder when 1428 is divided by 13.
11
What is the remainder when 7799 is divided by 60?
59
What is the remainder when 25 is divided by 19?
6
What is the remainder when 810 is divided by 197?
22
What is the remainder when 508 is divided by 15?
13
Calculate the remainder when 1243 is divided by 50.
43
Calculate the remainder when 133 is divided by 94.
39
Calculate the remainder when 794 is divided by 21.
17
What is the remainder when 26901 is divided by 24?
21
What is the remainder when 2114 is divided by 175?
14
What is the remainder when 1937 is divided by 20?
17
What is the remainder when 81 is divided by 5?
1
What is the remainder when 846 is divided by 20?
6
What is the remainder when 192 is divided by 41?
28
Calculate the remainder when 140 is divided by 10.
0
Calculate the remainder when 4022 is divided by 65.
57
Calculate the remainder when 2990 is divided by 57.
26
What is the remainder when 413 is divided by 88?
61
Calculate the remainder when 1613 is divided by 162.
155
Calculate the remainder when 295 is divided by 25.
20
Calculate the remainder when 483 is divided by 97.
95
What is the remainder when 96 is divided by 18?
6
What is the remainder when 1717 is divided by 16?
5
Calculate the remainder when 1308 is divided by 23.
20
Calculate the remainder when 682 is divided by 95.
17
Calculate the remainder when 40314 is divided by 151.
148
What is the remainder when 2051 is divided by 54?
53
Calculate the remainder when 750 is divided by 238.
36
Calculate the remainder when 99 is divided by 86.
13
What is the remainder when 10835 is divided by 3609?
8
What is the remainder when 89 is divided by 33?
23
What is the remainder when 72 is divided by 15?
12
Calculate the remainder when 3221 is divided by 5.
1
What is the remainder when 262 is divided by 19?
15
What is the remainder when 2061 is divided by 261?
234
What is the remainder when 1626 is divided by 136?
130
What is the remainder when 2106 is divided by 164?
138
What is the remainder when 56 is divided by 35?
21
Calculate the remainder when 253 is divided by 60.
13
What is the remainder when 965 is divided by 21?
20
Calculate the remainder when 1688 is divided by 65.
63
Calculate the remainder when 229 is divided by 24.
13
What is the remainder when 1320 is divided by 146?
6
What is the remainder when 1139 is divided by 141?
11
Calculate the remainder when 213 is divided by 68.
9
What is the remainder when 14 is divided by 9?
5
What is the remainder when 194 is divided by 14?
12
Calculate the remainder when 367 is divided by 200.
167
What is the remainder when 276 is divided by 2?
0
Calculate the remainder when 318 is divided by 29.
28
Calculate the remainder when 6065 is divided by 75.
65
What is the remainder when 91 is divided by 47?
44
What is the remainder when 4331 is divided by 23?
7
What is the remainder when 424 is divided by 207?
10
What is the remainder when 1319 is divided by 11?
10
Calculate the remainder when 241 is divided by 9.
7
Calculate the remainder when 1884 is divided by 4.
0
Calculate the remainder when 32311 is divided by 107.
104
Calculate the remainder when 1383 is divided by 342.
15
What is the remainder when 108 is divided by 19?
13
What is the remainder when 493 is divided by 61?
5
Calculate the remainder when 253 is divided by 46.
23
What is the remainder when 460 is divided by 116?
112
Calculate the remainder when 193 is divided by 40.
33
Calculate the remainder when 917 is divided by 257.
146
What is the remainder when 27999 is divided by 112?
111
Calculate the remainder when 2054 is divided by 17.
14
What is the remainder when 113 is divided by 5?
3
What is the remainder when 149 is divided by 53?
43
Calculate the remainder when 2344 is divided by 67.
66
Calculate the remainder when 293 is divided by 63.
41
What is the remainder when 786 is divided by 288?
210
What is the remainder when 312 is divided by 129?
54
Calculate the remainder when 82 is divided by 12.
10
What is the remainder when 386 is divided by 45?
26
What is the remainder when 508 is divided by 134?
106
What is the remainder when 4042 is divided by 81?
73
Calculate the remainder when 213 is divided by 24.
21
What is the remainder when 1260 is divided by 97?
96
What is the remainder when 5675 is divided by 132?
131
What is the remainder when 1068 is divided by 56?
4
Calculate the remainder when 19 is divided by 3.
1
What is the remainder when 485 is divided by 84?
65
Calculate the remainder when 591 is divided by 27.
24
What is the remainder when 490 is divided by 123?
121
What is the remainder when 2136 is divided by 31?
28
Calculate the remainder when 1799 is divided by 100.
99
What is the remainder when 10 is divided by 4?
2
What is the remainder when 4717 is divided by 143?
141
Calculate the remainder when 570 is divided by 142.
2
What is the remainder when 1678 is divided by 23?
22
What is the remainder when 25805 is divided by 23?
22
Calculate the remainder when 91 is divided by 43.
5
What is the remainder when 23 is divided by 10?
3
Calculate the remainder when 11504 is divided by 12.
8
Calculate the remainder when 197 is divided by 40.
37
Calculate the remainder when 7873 is divided by 21.
19
What is the remainder when 138 is divided by 30?
18
Calculate the remainder when 266 is divided by 42.
14
Calculate the remainder when 38 is divided by 12.
2
Calculate the remainder when 374 is divided by 20.
14
What is the remainder when 447 is divided by 9?
6
What is the remainder when 573 is divided by 147?
132
What is the remainder when 87 is divided by 62?
25
What is the remainder when 909 is divided by 102?
93
What is the remainder when 17 is divided by 6?
5
Calculate the remainder when 183 is divided by 46.
45
Calculate the remainder when 460 is divided by 